{"id":75,"date":"2011-07-11T16:38:44","date_gmt":"2011-07-11T16:38:44","guid":{"rendered":"http:\/\/rogntudjuuu.be\/bretagne2011\/?page_id=75"},"modified":"2011-07-11T17:00:26","modified_gmt":"2011-07-11T17:00:26","slug":"les-bons-mots-de-ben-et-de-marie","status":"publish","type":"page","link":"https:\/\/rogntudjuuu.be\/bretagne2011\/?page_id=75","title":{"rendered":"\u00ab\u00a0Bons mots\u00a0\u00bb"},"content":{"rendered":"<p>Les \u00ab\u00a0bons mots\u00a0\u00bb de Ben et de Marie: petites perles glan\u00e9es au cours de nos p\u00e9r\u00e9grinations&#8230;<\/p>\n<p>Marie: \u00ab\u00a0On va \u00e0 la Pointe du Raz le ventre plein&#8230;\u00a0\u00bb<br \/>\nBen: \u00ab\u00a0C&rsquo;est bien; il y a moins de chance qu&rsquo;on s&rsquo;envole!\u00a0\u00bb<\/p>\n<p>Marie: \u00ab\u00a0Chou, on n&rsquo;a pas de frigo pour mettre ta bi\u00e8re\u00a0\u00bb<br \/>\nBeno\u00eet: \u00ab\u00a0C&rsquo;est pas grave, on la mettra dehors&#8230;\u00a0\u00bb<\/p>\n<p>Beno\u00eet: \u00ab\u00a0Dehors, \u00e7a sent le varech; dedans, \u00e7a sent le caca&#8230;\u00a0\u00bb<\/p>\n<p>Beno\u00eet: \u00a0\u00bb La plage en Bretagne, j&rsquo;y ai d\u00e9j\u00e0 \u00e9t\u00e9 mais je ne suis rest\u00e9 qu&rsquo;une demie-heure. Je n&rsquo;en pouvais plus de l&rsquo;odeur de varech et de toutes ces mouches qui nous tournaient autour&#8230;\u00a0\u00bb<\/p>\n<p>Marie: \u00ab\u00a0Je suis contente d&rsquo;\u00eatre l\u00e0!\u00a0\u00bb<br \/>\nBeno\u00eet: \u00ab\u00a0Eh bien au moins, \u00e7a en fait au moins un de nous deux qui est content \ud83d\ude09\u00a0\u00bb<\/p>\n","protected":false},"excerpt":{"rendered":"<p>Les \u00ab\u00a0bons mots\u00a0\u00bb de Ben et de Marie: petites perles glan\u00e9es au cours de nos p\u00e9r\u00e9grinations&#8230; Marie: \u00ab\u00a0On va \u00e0 la Pointe du Raz le ventre plein&#8230;\u00a0\u00bb Ben: \u00ab\u00a0C&rsquo;est bien; il y a moins de chance qu&rsquo;on s&rsquo;envole!\u00a0\u00bb Marie: \u00ab\u00a0Chou, on n&rsquo;a pas de frigo pour mettre ta bi\u00e8re\u00a0\u00bb Beno\u00eet: \u00ab\u00a0C&rsquo;est pas grave, on la &hellip; <a href=\"https:\/\/rogntudjuuu.be\/bretagne2011\/?page_id=75\" class=\"more-link\">Continuer la lecture de <span class=\"screen-reader-text\">\u00ab\u00a0Bons mots\u00a0\u00bb<\/span> <span class=\"meta-nav\">&rarr;<\/span><\/a><\/p>\n","protected":false},"author":1,"featured_media":0,"parent":0,"menu_order":0,"comment_status":"open","ping_status":"open","template":"","meta":{"footnotes":""},"class_list":["post-75","page","type-page","status-publish","hentry"],"_links":{"self":[{"href":"https:\/\/rogntudjuuu.be\/bretagne2011\/index.php?rest_route=\/wp\/v2\/pages\/75","targetHints":{"allow":["GET"]}}],"collection":[{"href":"https:\/\/rogntudjuuu.be\/bretagne2011\/index.php?rest_route=\/wp\/v2\/pages"}],"about":[{"href":"https:\/\/rogntudjuuu.be\/bretagne2011\/index.php?rest_route=\/wp\/v2\/types\/page"}],"author":[{"embeddable":true,"href":"https:\/\/rogntudjuuu.be\/bretagne2011\/index.php?rest_route=\/wp\/v2\/users\/1"}],"replies":[{"embeddable":true,"href":"https:\/\/rogntudjuuu.be\/bretagne2011\/index.php?rest_route=%2Fwp%2Fv2%2Fcomments&post=75"}],"version-history":[{"count":4,"href":"https:\/\/rogntudjuuu.be\/bretagne2011\/index.php?rest_route=\/wp\/v2\/pages\/75\/revisions"}],"predecessor-version":[{"id":77,"href":"https:\/\/rogntudjuuu.be\/bretagne2011\/index.php?rest_route=\/wp\/v2\/pages\/75\/revisions\/77"}],"wp:attachment":[{"href":"https:\/\/rogntudjuuu.be\/bretagne2011\/index.php?rest_route=%2Fwp%2Fv2%2Fmedia&parent=75"}],"curies":[{"name":"wp","href":"https:\/\/api.w.org\/{rel}","templated":true}]}}