{"id":7,"date":"2011-05-17T13:03:22","date_gmt":"2011-05-17T13:03:22","guid":{"rendered":"http:\/\/rogntudjuuu.be\/bretagne2011\/?page_id=7"},"modified":"2011-07-03T08:51:22","modified_gmt":"2011-07-03T08:51:22","slug":"backstage","status":"publish","type":"page","link":"https:\/\/rogntudjuuu.be\/bretagne2011\/?page_id=7","title":{"rendered":"Backstage"},"content":{"rendered":"<p>Ici, comme d&rsquo;hab, les infos pratiques concernant le s\u00e9jour&#8230;<\/p>\n<p>Afin de ne pas faire d&rsquo;une seule traite les 892 km qui s\u00e9parent notre domicile de notre point de chute en pays breton, nous faisons \u00ab\u00a0escale\u00a0\u00bb au <em>Mont-Saint-Michel<\/em>:<br \/>\n<a href=\"http:\/\/www.accorhotels.com\/frm_fiche_hotel.svlt?code_hotel=1263&amp;code_langue=fr\" target=\"_blank\">Mercure                         Mont Saint Michel<\/a><\/p>\n<p>Pr\u00e8s de <em>Quimper<\/em>, nous logerons sur la c\u00f4te, \u00e0 <em>Treffiagat<\/em><br \/>\n<a href=\"http:\/\/www.la-dunette.fr\/sarrazine.html\" target=\"_blank\">Chambres d&rsquo;h\u00f4tes \u00ab\u00a0La Dunette\u00a0\u00bb<\/a><\/p>\n<p>A <em>Carnac<\/em>, nous aurons deux adresses successives (disponibilit\u00e9s r\u00e9duites \u00e0 cause de la <em>f\u00eate nationale<\/em>):<br \/>\n<a href=\"http:\/\/www.rivages-carnac.com\/chambre_hote_carnac.php?page=chambre_asie&amp;LG=fr\" target=\"_blank\">Chambres d&rsquo;h\u00f4tes \u00ab\u00a0Rivages\u00a0\u00bb<\/a><br \/>\n<a href=\"http:\/\/www.carnaclodge.com\/chambres_tarifs.php\" target=\"_blank\">H\u00f4tel \u00ab\u00a0Carnac Lodge\u00a0\u00bb<\/a><\/p>\n<p>Guides <em>papier <\/em>achet\u00e9s: Le <em>Guide du Routard<\/em>, \u00ab\u00a0La Bretagne Sud\u00a0\u00bb ; Le <em>Lonely Planet<\/em>, \u00ab\u00a0Bretagne Sud\u00a0\u00bb ; <em>Geo-Guide<\/em>, \u00ab\u00a0C\u00f4tes bretonnes\u00a0\u00bb<\/p>\n","protected":false},"excerpt":{"rendered":"<p>Ici, comme d&rsquo;hab, les infos pratiques concernant le s\u00e9jour&#8230; Afin de ne pas faire d&rsquo;une seule traite les 892 km qui s\u00e9parent notre domicile de notre point de chute en pays breton, nous faisons \u00ab\u00a0escale\u00a0\u00bb au Mont-Saint-Michel: Mercure Mont Saint Michel Pr\u00e8s de Quimper, nous logerons sur la c\u00f4te, \u00e0 Treffiagat Chambres d&rsquo;h\u00f4tes \u00ab\u00a0La Dunette\u00a0\u00bb &hellip; <a href=\"https:\/\/rogntudjuuu.be\/bretagne2011\/?page_id=7\" class=\"more-link\">Continuer la lecture de <span class=\"screen-reader-text\">Backstage<\/span> <span class=\"meta-nav\">&rarr;<\/span><\/a><\/p>\n","protected":false},"author":1,"featured_media":0,"parent":0,"menu_order":0,"comment_status":"open","ping_status":"open","template":"","meta":{"footnotes":""},"class_list":["post-7","page","type-page","status-publish","hentry"],"_links":{"self":[{"href":"https:\/\/rogntudjuuu.be\/bretagne2011\/index.php?rest_route=\/wp\/v2\/pages\/7","targetHints":{"allow":["GET"]}}],"collection":[{"href":"https:\/\/rogntudjuuu.be\/bretagne2011\/index.php?rest_route=\/wp\/v2\/pages"}],"about":[{"href":"https:\/\/rogntudjuuu.be\/bretagne2011\/index.php?rest_route=\/wp\/v2\/types\/page"}],"author":[{"embeddable":true,"href":"https:\/\/rogntudjuuu.be\/bretagne2011\/index.php?rest_route=\/wp\/v2\/users\/1"}],"replies":[{"embeddable":true,"href":"https:\/\/rogntudjuuu.be\/bretagne2011\/index.php?rest_route=%2Fwp%2Fv2%2Fcomments&post=7"}],"version-history":[{"count":9,"href":"https:\/\/rogntudjuuu.be\/bretagne2011\/index.php?rest_route=\/wp\/v2\/pages\/7\/revisions"}],"predecessor-version":[{"id":24,"href":"https:\/\/rogntudjuuu.be\/bretagne2011\/index.php?rest_route=\/wp\/v2\/pages\/7\/revisions\/24"}],"wp:attachment":[{"href":"https:\/\/rogntudjuuu.be\/bretagne2011\/index.php?rest_route=%2Fwp%2Fv2%2Fmedia&parent=7"}],"curies":[{"name":"wp","href":"https:\/\/api.w.org\/{rel}","templated":true}]}}